{"id":4075,"date":"2021-01-20T14:33:52","date_gmt":"2021-01-20T17:33:52","guid":{"rendered":"https:\/\/uniodontocampinas.com.br\/?page_id=4075"},"modified":"2022-09-29T22:28:35","modified_gmt":"2022-09-30T01:28:35","slug":"documentos-necessarios","status":"publish","type":"page","link":"https:\/\/www.uniodontocampinas.com.br\/site\/documentos-necessarios\/","title":{"rendered":"Documentos necess\u00e1rios"},"content":{"rendered":"\n<p class=\"has-text-align-center has-normal-font-size\">Confira os documentos necess\u00e1rios para a aquisi\u00e7\u00e3o dos planos da Uniodonto Campinas.<\/p>\n\n\n\n<p class=\"has-text-align-center has-normal-font-size\"><strong><u>Pessoa F\u00edsica<\/u><\/strong><\/p>\n\n\n\n<p class=\"has-text-align-center\" style=\"font-size:14px\"><strong>Titular:<\/strong><\/p>\n\n\n\n<p class=\"has-text-align-center\" style=\"font-size:14px\">\u2022 RG e CPF do Benefici\u00e1rio Titular. Quando incapaz, do seu Representante Legal;<br>\u2022 N\u00famero do Cart\u00e3o Nacional de Sa\u00fade (CNS);<br>\u2022 Comprovante de resid\u00eancia (conta de \u00e1gua, luz, telefone, condom\u00ednio, internet e g\u00e1s) no nome do respons\u00e1vel.<\/p>\n\n\n\n<p class=\"has-text-align-center\" style=\"font-size:14px\"><strong>Dependentes:<\/strong><\/p>\n\n\n\n<p class=\"has-text-align-center\" style=\"font-size:14px\">\u2022 C\u00f3pia da Certid\u00e3o de Casamento ou documento equivalente (exemplo: uni\u00e3o est\u00e1vel), RG e CPF (c\u00f4njuge);<br>\u2022 C\u00f3pia da Certid\u00e3o de Nascimento, RG, CPF e decis\u00e3o de curatela e\/ou de tutela, se houver (filhos, curatelados e tutelados).<\/p>\n\n\n<div class=\"wp-block-image\">\n<figure class=\"aligncenter size-large\"><img decoding=\"async\" width=\"115\" height=\"24\" src=\"https:\/\/uniodontocampinas.com.br\/site\/wp-content\/uploads\/2020\/04\/detail-bar.png\" alt=\"\" class=\"wp-image-1435\"\/><\/figure>\n<\/div>\n\n\n<p class=\"has-text-align-center has-normal-font-size\"><strong><u>PME e <\/u><\/strong><u style=\"font-weight: bold;\">Pessoa Jur\u00eddica<\/u><\/p>\n\n\n\n<p class=\"has-text-align-center\" style=\"font-size:14px\">\u2022 Contrato social ou \u00faltima altera\u00e7\u00e3o contratual;<br>\u2022 Cart\u00e3o do CNPJ;<br>\u2022 Cart\u00e3o da Inscri\u00e7\u00e3o Estadual, se houver;<br>\u2022 RG e CPF ou CNH do respons\u00e1vel pela empresa e s\u00f3cios, quando houver;<br>\u2022 Procura\u00e7\u00e3o P\u00fablica, quando houver.<\/p>\n\n\n<div class=\"wp-block-image\">\n<figure class=\"aligncenter size-large\"><img decoding=\"async\" width=\"115\" height=\"24\" src=\"https:\/\/uniodontocampinas.com.br\/site\/wp-content\/uploads\/2020\/04\/detail-bar.png\" alt=\"\" class=\"wp-image-1435\"\/><\/figure>\n<\/div>\n\n\n<p class=\"has-text-align-center\" style=\"font-size:14px\"><strong><strong><u>MEI<\/u><\/strong><\/strong><\/p>\n\n\n\n<p class=\"has-text-align-center\" style=\"font-size:14px\">\u2022 Certificado do MEI;<br>\u2022 Cart\u00e3o do CNPJ;<br>\u2022 RG e CPF ou CNH do respons\u00e1vel pela empresa e s\u00f3cios, quando houver.<br><\/p>\n\n\n\n<p><\/p>\n","protected":false},"excerpt":{"rendered":"<p>Confira os documentos necess\u00e1rios para a aquisi\u00e7\u00e3o dos planos da Uniodonto Campinas. Pessoa F\u00edsica Titular: \u2022 RG e CPF do Benefici\u00e1rio Titular. Quando incapaz, do seu Representante Legal;\u2022 N\u00famero do Cart\u00e3o Nacional de Sa\u00fade (CNS);\u2022 Comprovante de resid\u00eancia (conta de \u00e1gua, luz, telefone, condom\u00ednio, internet e g\u00e1s) no nome do respons\u00e1vel. Dependentes: \u2022 C\u00f3pia da [&hellip;]<\/p>\n","protected":false},"author":1,"featured_media":0,"parent":0,"menu_order":0,"comment_status":"closed","ping_status":"closed","template":"","meta":{"_acf_changed":false,"inline_featured_image":false,"footnotes":""},"class_list":["post-4075","page","type-page","status-publish","hentry"],"acf":[],"_links":{"self":[{"href":"https:\/\/www.uniodontocampinas.com.br\/site\/wp-json\/wp\/v2\/pages\/4075","targetHints":{"allow":["GET"]}}],"collection":[{"href":"https:\/\/www.uniodontocampinas.com.br\/site\/wp-json\/wp\/v2\/pages"}],"about":[{"href":"https:\/\/www.uniodontocampinas.com.br\/site\/wp-json\/wp\/v2\/types\/page"}],"author":[{"embeddable":true,"href":"https:\/\/www.uniodontocampinas.com.br\/site\/wp-json\/wp\/v2\/users\/1"}],"replies":[{"embeddable":true,"href":"https:\/\/www.uniodontocampinas.com.br\/site\/wp-json\/wp\/v2\/comments?post=4075"}],"version-history":[{"count":0,"href":"https:\/\/www.uniodontocampinas.com.br\/site\/wp-json\/wp\/v2\/pages\/4075\/revisions"}],"wp:attachment":[{"href":"https:\/\/www.uniodontocampinas.com.br\/site\/wp-json\/wp\/v2\/media?parent=4075"}],"curies":[{"name":"wp","href":"https:\/\/api.w.org\/{rel}","templated":true}]}}